-3*z + z + 56 = -4*x. Calculate the highest common factor of z and 9.
9
Suppose 3*r - 107 = -q, 4*r - 65 = -5*q + 74. What is the highest common divisor of 9 and r?
9
Suppose 66 + 374 = 5*a. Let d = a + -39. Calculate the greatest common divisor of 7 and d.
7
Suppose 2*b - b - 66 = 0. Let h = -31 + b. Let k(z) = 3*z**2 - 4*z + 3. Let n be k(2). Calculate the highest common factor of n and h.
7
Let j = -21 + 42. Let l be 6/21 - (-57)/j. Suppose -30 = -l*p + v, 4*p - v + 3 = 43. What is the highest common factor of 30 and p?
10
Let l(o) = -2*o - 1 + 4*o**2 - 1 - o**2 + 1. Let p be l(3). What is the highest common factor of p and 40?
20
Let j(d) = d**2 + d + 2. Let x be j(3). Suppose -b + x + 2 = 0. Let q(z) = 3*z**2 + 4*z. Let m be q(-4). What is the greatest common factor of b and m?
16
Suppose 2*p = u - 2*u - 296, -2*p + 1214 = -4*u. Let a = u + 423. What is the highest common divisor of a and 11?
11
Let u = 6 - 42. Let a = u - -52. Suppose -4 = -2*g, -5*z + 4*g + a = -16. What is the highest common divisor of z and 24?
8
Let n(q) = 4*q**2 - 4*q**2 + 7*q**2 + 3*q**2. Let m be n(2). Calculate the highest common factor of 8 and m.
8
Suppose -4 = -4*m, -3*f + 0*m + 142 = -2*m. What is the greatest common divisor of 6 and f?
6
Suppose -4*t + 3 + 5 = 0. Let n be (3 - t)*3 - -1. Suppose -n*p + 116 = -84. Calculate the greatest common divisor of p and 20.
10
Suppose -5*p = -221 - 134. Let q = -43 + p. What is the greatest common divisor of 7 and q?
7
Suppose 4*y - 1792 = -64. What is the greatest common factor of 54 and y?
54
Let y(h) = 3*h + 0*h - h - 1. Let b be y(-3). Let i(w) = w**3 + 10*w**2 + 10*w. Let r be i(b). Calculate the highest common factor of r and 7.
7
Let c(p) = -p**3 - 7*p**2 + 2*p + 15. Let s be c(-7). What is the greatest common factor of 5 and s?
1
Suppose -r = -5*g + 35, -6*g + 4 = -2*g + 4*r. Suppose 44 = 4*x - 2*x. Let b = x - g. Calculate the greatest common factor of b and 2.
2
Let r be 7 - (1 + -3 + 4). Suppose 4*b = m - 10, 3*m - r*b + 14 - 72 = 0. Let l(n) = -3*n + 1. Let k be l(-4). Calculate the greatest common divisor of k and m.
13
Let n(r) = r - 6. Let u be n(6). Suppose u*f = -2*f + 4. Suppose 4*q + 4*k - 432 = 0, k + f*k - 548 = -5*q. What is the highest common divisor of 14 and q?
14
Suppose m - 2 = -0. Suppose 0 = 2*x - m*z - z - 114, 4*x - 248 = z. Calculate the highest common divisor of x and 7.
7
Let z be (-16)/(-10) + 4/10. Suppose -z*w + 2 = -4. What is the highest common divisor of 9 and w?
3
Suppose g + 8 = 125. Let j be 1/2 - 10/(-4). Suppose 4*r - 49 = -5*l, j*r + r = -16. What is the greatest common divisor of g and l?
13
Let x be (351/52)/(-1 + (-98)/(-96)). What is the greatest common divisor of x and 12?
12
Let y be 2/(-4)*(3 - 3). Suppose 2*f + 6 = y, -2*g + 5*f = -3*g + 33. Let l be 3 + 2 + 2 + -1. What is the greatest common divisor of l and g?
6
Suppose a + 2*k + 230 = 6*a, -k = -5*a + 225. Let v(x) = 51*x + 3. Let b be v(-2). Let y be (2/3)/((-6)/b). Calculate the greatest common divisor of y and a.
11
Suppose -4*q = -h + 7, 5*q - 49 = -2*h - 2*h. Suppose -3*k + h = 65. Let x be (-65)/(-6) + (-3)/k. What is the highest common divisor of 1 and x?
1
Let v(s) = -s**2 - s + 7. Let j be v(0). Let a(q) = 2*q - 4. Let o be a(j). Calculate the highest common divisor of o and 70.
10
Let c be 0/(-1) - 0 - -5. Suppose 0 = -3*b - 0*b. Suppose b*l = l - c. What is the highest common divisor of 5 and l?
5
Suppose -70 = -2*p + 3*r, -2*p + 4*r + 16 = -56. What is the highest common factor of 4 and p?
4
Let k be (1 - 3)/((-2)/33). Calculate the greatest common divisor of 11 and k.
11
Let s be -10*5/(3 + -13)*1. Calculate the highest common divisor of s and 10.
5
Let v(o) = -13*o + 1. Let u be v(-2). What is the highest common factor of u and 9?
9
Suppose 119 = 5*z - 81. What is the highest common factor of z and 16?
8
Let q = 0 + 8. Suppose i = 6*i - 10. Suppose -51 = -f - i*m + 11, -2*m = 3*f - 206. Calculate the highest common divisor of q and f.
8
Let r = 33 + 35. Let t(b) = 3*b. Let d be t(1). Suppose -d*l = -l - 34. What is the highest common divisor of r and l?
17
Let y be 3/3 - 1 - -245. Suppose -3*h + y = 2*h. Let z = h + -28. Calculate the highest common divisor of z and 189.
21
Let q = -6 + 13. Suppose -u + q = 1. Calculate the highest common factor of 3 and u.
3
Let n = -16 - -26. Let d = n - 5. What is the greatest common divisor of 25 and d?
5
Let x = 464 + -57. What is the highest common factor of x and 37?
37
Suppose -4*p + 3*p + 7 = -5*n, 4*p - n - 66 = 0. Calculate the greatest common divisor of p and 17.
17
Suppose -3*h - h + 80 = 0. Suppose -3*w - 2 + h = 0. Calculate the highest common divisor of 2 and w.
2
Let i(z) = -z**2 + 8*z - 7. Let b be i(3). Calculate the greatest common divisor of 64 and b.
8
Let x = 9 + -8. Calculate the greatest common divisor of x and 8.
1
Let j(b) = b**3 + 5*b**2 - 3*b - 3. Suppose -2*q - 2 = 4. Let g be j(q). What is the greatest common factor of g and 16?
8
Let i = 22 - 8. Suppose 0 = -4*w + 3*w + i. What is the greatest common factor of w and 7?
7
Suppose -l + 36 = 3*u, 0 = u - 5*u - 2*l + 46. What is the highest common divisor of 52 and u?
13
Suppose 3*u = m + 143, 0 = u + 2*m + m - 51. Calculate the greatest common divisor of 24 and u.
24
Let i be 282/(-4)*(-42)/63. What is the highest common factor of i and 235?
47
Let v(o) = o**2 + 15*o - 24. Let h be v(-17). What is the greatest common divisor of 80 and h?
10
Let n = -36 + 56. Let c = 60 - n. Let h be -8 - -6 - (-2 - (7 - 3)). Calculate the greatest common divisor of h and c.
4
Let w be 63/12 - (-1)/(-4). Let m(p) = 6*p. Let t be m(w). Let s = -13 - -28. Calculate the highest common divisor of s and t.
15
Let w = 12 + -3. What is the greatest common factor of 1 and w?
1
Let l(m) = 7*m - 26. Let d be l(5). What is the highest common divisor of d and 6?
3
Let q = 50 + -33. Let l be 6*q + (-18)/6. What is the highest common factor of 11 and l?
11
Let c = 2 + 2. Let p(g) = -g**3 + 6*g**2 + 6*g - 6. Let v be p(c). What is the greatest common divisor of v and 5?
5
Suppose 4*b = -g - g - 22, 5*b = -g - 8. Let h(a) = a**2 + 12*a - 9. Let v be h(g). Calculate the highest common factor of v and 8.
4
Let p be (30/8)/(15/160). What is the greatest common factor of 16 and p?
8
Let u be 12/(-16) + (195/4)/5. Calculate the greatest common factor of u and 63.
9
Suppose -180 = -15*x - 3*x. What is the greatest common divisor of 30 and x?
10
Let r(f) = 5*f - 2. Let c be r(2). Let h be ((-4)/(-5))/((-4)/(-90)). Let b be (12/10)/(h/480). Calculate the highest common factor of b and c.
8
Let j = -507 - -751. Let h = j + -144. Calculate the highest common divisor of 20 and h.
20
Suppose 1258 = 8*x - 854. What is the greatest common divisor of 33 and x?
33
Let v(s) = s**2 + s + 4. Let b be v(0). Suppose -3*k - 169 = -b*p, -44 = -p + 4*k + 8. Calculate the highest common factor of 8 and p.
8
Let o = -118 - -202. Calculate the greatest common factor of o and 12.
12
Let q = -6 - -9. Suppose -c = -6*b + q*b + 22, 2*b + c - 18 = 0. What is the greatest common factor of 16 and b?
8
Let s(u) be the second derivative of u**3/2 - 2*u. Let h be s(7). Let q = 2 - -5. Calculate the highest common factor of h and q.
7
Suppose -n + t + 62 = 0, 5*t - 214 = -3*n + t. What is the greatest common factor of n and 33?
33
Let g(d) = 10 + d**3 - 6*d + 0*d + 7*d**2 + 6*d. Let u be g(-7). What is the greatest common divisor of 2 and u?
2
Let j = -17 + 31. What is the highest common factor of j and 56?
14
Let t be 68/238 + (-439)/(-7). Calculate the greatest common factor of t and 27.
9
Suppose -5*s + 12 = -k, -3*s - 4*k - 18 = -8*s. Suppose 4*h - s*o - 69 = 81, 0 = 2*o - 10. What is the highest common divisor of h and 4?
4
Suppose -3*t + 23 = -2*l + 2*t, 0 = l - 3*t + 14. Let y = 3 + l. Suppose 4*z = 3*z + 6. What is the greatest common factor of z and y?
2
Suppose 2*h = 7*h + 2*j - 735, 441 = 3*h + 2*j. Suppose 3*b + 18 = s + 96, -5*b = 4*s - h. Calculate the highest common divisor of 27 and b.
27
Suppose 4*t + 16 = -q + t, -9 = 4*q + t. Let s be -1*(-6 - (q + 0)). Let c(p) = p**2 + 3*p - 2. Let v be c(-4). What is the highest common divisor of s and v?
1
Suppose 3*i - 18 = -5*s, s + 7 = 4*s - 2*i. Suppose s*d - 6 = -f, 0 = 2*f - d - 8 - 25. Let